uppose -2881 = -5*n + 4*p + 2119, -3*n = 6*p - 3000. What is the highest common divisor of 740 and n?
20
Let r = -910 - -740. Let q = 359 + r. Let h(u) = -21*u**3 + u**2 + u. Let t be h(-1). What is the highest common divisor of q and t?
21
Suppose 29 - 52 = 2*l - 3*h, 4*l = 5*h - 41. Let q be -5 - l/(-3)*-48. Calculate the greatest common divisor of q and 236.
59
Let b = -292 + 432. What is the greatest common divisor of 42840 and b?
140
Let j(c) be the third derivative of 11*c**5/20 + 11*c**4/12 - 23*c**3/3 - 107*c**2. Let x be j(2). What is the greatest common divisor of 13 and x?
13
Suppose 19*g - 26*g = -7. Let c be 330/(10 - -1) + 2*g. What is the highest common divisor of c and 24?
8
Let z be (-2)/(2 + ((-1481)/615 - (-142)/355)). What is the highest common factor of z and 574?
82
Let v be 737/7 + (-10)/35. Suppose m = -2*m + v. Let f(w) = 11*w**3 + 2*w**2 + 14*w - 17. Let y be f(1). Calculate the greatest common divisor of m and y.
5
Let c be -3*(-3 + (-2 - -4)). Suppose -4*g - 424 = 5*i, 10*i - 11*i - 318 = c*g. Let n = g - -110. What is the greatest common divisor of 6 and n?
2
Let y(l) = -287*l + 2978. Let q be y(10). Let b(c) = 96*c - 6. Let k be b(4). Calculate the highest common divisor of q and k.
54
Let v(m) = m**3 + 6*m**2 - 3*m - 5. Let o be v(-5). Suppose o*p - 1680 = 20*p. What is the greatest common divisor of 28 and p?
28
Let c be -2 - 4 - 4*(-2 + 3). Let w be (-1729)/(-39) + 15 - c/6. Calculate the highest common divisor of w and 122.
61
Let i(t) = t**3 + 41*t**2 + 201*t + 181. Let p be i(-27). Calculate the greatest common divisor of 2790 and p.
310
Suppose -8*z = -31*z + 161. Suppose z*w + 4 = 18. Calculate the highest common factor of 82 and w.
2
Let t = -9 - 72. Let d = 84 + t. Suppose 0 = -0*n - d*n + 96. Calculate the highest common factor of 224 and n.
32
Suppose -2*c = -4*h + 5*h - 492, h + 3*c - 486 = 0. What is the greatest common factor of 1692 and h?
36
Let s = -57 + 57. Suppose s = 13*n + 65 + 637. Let u = n - -129. What is the greatest common factor of 15 and u?
15
Suppose -3*o - 4*a + 6*a + 4 = 0, -2*a - 4 = -o. Suppose o = -5*h + 2*l - 7*l + 570, 3*h - 3*l - 318 = 0. Calculate the greatest common divisor of 30 and h.
10
Suppose 5*r - 2*y - 24 = 0, -r - r - 3*y = -21. Suppose 17*z - 19*z = -r. What is the highest common divisor of 3 and z?
3
Let d = 91 - 132. Let h(k) = -k**3 - 6*k**2 + 4*k + 7. Let j be h(-5). Let t = j - d. Calculate the greatest common divisor of 3 and t.
3
Let v be ((-216)/135)/((-2)/690). Let h be (-70)/(-28)*138/5. What is the greatest common factor of h and v?
69
Suppose -143*w + 148*w - 4470 = 0. Let z = -839 + w. What is the greatest common divisor of z and 11?
11
Let x = 20 + -45. Let f = 95 - x. Suppose -12*t = t - 6*t - 105. What is the highest common divisor of t and f?
15
Let z = 82 + -49. Let o = -15 + 15. Suppose 2*f + 3*h = -4 + 10, 4*h = o. Calculate the greatest common divisor of f and z.
3
Let d(v) = 3*v**3 + 17*v**2 - 54*v - 75. Let x be d(8). What is the greatest common factor of 511 and x?
73
Let u(c) = -c**3 + 17*c**2 - 15*c - 25. Let f be u(16). Let n = 9 + f. Suppose n*w - 6*w + 144 = 0. Calculate the greatest common divisor of w and 264.
24
Let d(q) = 30*q + 27*q + 90 - 91*q + 36*q. Let m be d(-30). What is the greatest common divisor of m and 75?
15
Suppose 15909 = 4*b + 3*f, 0 = 3*b - f + 5*f - 11937. Suppose 0 = 7*p + 8*p - b. Calculate the greatest common factor of 53 and p.
53
Let v be 31/((-217)/(-672))*1/3. Let x = 36 - v. Calculate the highest common factor of x and 80.
4
Let n(w) = w**2 + 11*w + 33. Let z be n(-4). Suppose 2*b + 4*p = 674, -2*p + 2250 = z*b + 581. Calculate the greatest common divisor of b and 37.
37
Let r(b) = -3*b**3 + 3*b**2 + b - 8. Let j(w) = -5*w + 12. Let t be j(3). Let z be r(t). Suppose z = 2*f + 81. Calculate the highest common factor of f and 36.
4
Let t = 20905 + -17630. Calculate the greatest common divisor of 100 and t.
25
Let q(h) = -h**3 + 67*h**2 + 215*h - 212. Let v be q(70). Let i be ((-644)/(-7))/((-2)/(-5)). Calculate the highest common factor of v and i.
46
Let u be (-3 - -3 - -2)/((-2)/96). Let i = u - -220. Let d = -84 + i. Calculate the highest common factor of d and 32.
8
Suppose 124*o - 5533 + 77 = 0. Calculate the highest common divisor of 1298 and o.
22
Suppose -4*c = -5 - 19. Suppose 3*b = -2*u + b + 840, 5*u + 3*b - 2112 = 0. Calculate the highest common divisor of u and c.
6
Suppose -u = -r + 25, -u - 18 - 31 = -2*r. Let v(k) = 0 + 2 + k**2 + 5*k + 7 - 3. Let f be v(-6). Calculate the highest common factor of f and r.
12
Let i be 1309/8 - (-30)/80. Let s = i - 108. What is the greatest common factor of 8 and s?
8
Let l be (-85)/170 + 455/2. Let p = -151 + l. What is the highest common factor of p and 16?
4
Let u be (7957/(-219))/(3/(-9)) + -10. Let n be (-1*33)/((-2)/8). What is the highest common divisor of u and n?
33
Let w be 10/(-2) + (-2 - -9). Suppose 2*n - w*i - 10 = 2*i, 0 = -i - 4. Let r be 3*(n - 95/(-15)). What is the highest common divisor of 70 and r?
10
Suppose 17*c = 4243 - 1666 + 1299. Calculate the greatest common factor of 132 and c.
12
Let h(u) = -46*u - 37. Let n be h(-2). Let g be ((-354)/(-5))/((-11)/n*-2). Calculate the greatest common factor of g and 59.
59
Suppose -l - y + 19312 = 0, 0 = 441*l - 439*l + y - 38619. What is the greatest common factor of 43 and l?
43
Suppose -127*k + 49463 + 234361 = -73*k. Calculate the greatest common divisor of k and 730.
146
Let b = 5170 - 5148. What is the greatest common divisor of 9262 and b?
22
Suppose 7*q = 25*q - 36. Suppose -j - 649 = -q*r, 0 = 4*r - j - 994 - 305. Calculate the greatest common divisor of 13 and r.
13
Let a be -9*95/(-684) - (-9310)/8. Calculate the greatest common factor of a and 2796.
233
Let m(w) = -2*w**3 - w**2 - w + 1. Let s be m(-1). Suppose -86 - 76 = -s*t. What is the highest common factor of t and 81?
27
Let x be (-33)/2*((-2727)/81 - -33). Calculate the highest common factor of 1837 and x.
11
Suppose -5*d + 124 = -3*k - 1055, -4*d - 3*k = -954. Let x = -93 + d. Let a(m) = m**2. Let p be a(6). What is the highest common factor of p and x?
36
Let c = 1421 + -889. What is the highest common factor of 126 and c?
14
Let u(r) = -r**3 - 17*r**2 - 17*r - 24. Let o be u(-16). Let m(j) = -j**3 - 3*j**2 - 13*j - 6. Let y be m(o). Calculate the highest common divisor of y and 22.
22
Let j be 0*4/(-12) + (364 - -2). Let y = j + -354. Calculate the greatest common divisor of y and 9.
3
Let x be 2/(-3)*(-114)/4. Let p be ((-152)/(-28))/((-32)/(-336)). Calculate the greatest common factor of x and p.
19
Let b be (-116 + 108)/(3/((-498)/4)). Let c be (-5)/(-1) + (9 - 4) + -6. Calculate the highest common divisor of b and c.
4
Let o(q) = 7*q**3 + 4*q**2 - 9*q + 7. Let a = 418 - 416. Let m be o(a). Calculate the highest common factor of 427 and m.
61
Let h = -90 - -250. Let q be -3 - -2 - (-16 - 201). Let m = q + -196. Calculate the highest common divisor of m and h.
20
Suppose -11*h + 125 + 7 = 0. Suppose -3*v + h*v - 5112 = 0. What is the greatest common factor of v and 71?
71
Let m = -396 + 663. Suppose -968 - m = -19*r. What is the greatest common divisor of 39 and r?
13
Suppose -4*v + 65 - 305 = -3*t, 2*v + 162 = 2*t. Suppose 2317 + t = 7*g. What is the greatest common divisor of 49 and g?
49
Let w(p) = p**2 + 20*p. Let b(y) = y**2 + y - 20. Let h be b(0). Let x be w(h). Suppose x = -4*m + 191 + 1. What is the highest common divisor of 24 and m?
24
Suppose 2*w + 6*w - w - 840 = 0. What is the highest common divisor of w and 5190?
30
Let o be (30 + (-40 - -2))/(3*3/(-18)). Let a = -172 + 380. What is the greatest common factor of a and o?
16
Suppose 173 = -3*t - i, 4*t + 2*i - 14 = -242. Let v(c) = -15*c - 1. Let f be v(3). Let g = f - t. Calculate the highest common factor of 26 and g.
13
Let j(s) = s**2 - 8*s + 25. Suppose -2*q = 4*q - 12. Suppose -v = 3*k - 31, 2*v + 11 = 3*k - q*v. Let n be j(k). What is the greatest common factor of 51 and n?
17
Suppose 183980 = 239*d - 56371 - 12033. Suppose -64 - 1 = -2*q - x, 0 = 3*q + 2*x - 97. Calculate the greatest common divisor of d and q.
33
Suppose -p - 5*o + 13 = -17, -3*o - 38 = -5*p. Suppose -b + n = -p, -3*n = 2*b - n - 40. Calculate the highest common divisor of b and 3